 n be u(-4). Let f be (-2)/(-7) + (-166)/n. Suppose -3 = -3*p + f. What is the units digit of p?
9
Let q(v) = 4*v + 3. Let h(p) = 3*p + 3. Let u(t) = 5*h(t) - 4*q(t). Let i(m) = -m**3 + m**2 + m - 2. Let r be i(2). What is the units digit of u(r)?
7
Let c = -3 + -1. What is the units digit of (-8)/10*10/c?
2
Suppose 0 = -2*p + 4*y - 7 - 9, -15 = -5*y. Let x be p/2 + 1 - 0. Suppose x*d = d - 15. What is the units digit of d?
5
Suppose -3*z - 161 = -440. Suppose 5*s + z = 263. What is the tens digit of s?
3
Suppose -5*b = -5*y + 20, -4*y + 2*b + 17 - 5 = 0. Suppose 0 = 2*l + h - 32, 5 - 35 = -y*l - 2*h. What is the tens digit of l?
1
Let t = 150 + -105. What is the units digit of t?
5
Suppose -s + 0*s = 0. Suppose 3*g + u - 10 = s, 3*u - u + 10 = 0. What is the units digit of g?
5
Suppose -4*s - 5 + 13 = 0. What is the units digit of s?
2
Suppose -4*v - 4*m + 100 = 0, -2*v - 3*m = -v - 25. Let p = -3 + v. What is the units digit of p?
2
Suppose 5*i = -5*j - 20, -2*j - 6*i - 11 = -3*i. Let l = j - -4. What is the units digit of l?
3
Let z(m) be the second derivative of 5*m**4/12 - 3*m**2/2 - m. Let p(b) be the first derivative of z(b). What is the units digit of p(1)?
0
Let u(s) = 26*s**3 - 2*s - 1. Let k be u(-1). Let z be ((-4)/(-5))/((-5)/k). What is the units digit of (-3)/(((-5)/z)/5)?
2
Let h = -88 + 201. What is the tens digit of h?
1
Let a(j) = -j + 6. Let v be (-4 - -1) + -2 + 0. What is the units digit of a(v)?
1
Suppose 0 = w + 4*w - 10. Suppose 2*q + w*q = 4*z + 88, 0 = -3*q - 4*z + 73. What is the tens digit of q?
2
Let h(a) = -2*a + 2. Let w = -4 + 6. Suppose -w*u - 6 = -0*u. What is the units digit of h(u)?
8
Suppose -3*s - 5*h + 140 = -2*s, -s - h + 148 = 0. What is the tens digit of s?
5
Let p = 45 + 2. What is the tens digit of p?
4
What is the tens digit of (2 - 1)*(64 + -30)?
3
Let w(k) = -k**3 + 8*k**2 + 9*k + 21. What is the tens digit of w(9)?
2
Let s = -13 + 15. Suppose s*o - 31 = 57. What is the units digit of o?
4
Let a(m) be the first derivative of m**4/4 - 7*m**3/3 + 3*m**2 + 7*m + 1. Suppose -3 = -5*n + 3*v + 30, -2*v + 16 = 3*n. What is the units digit of a(n)?
7
Let y(v) = v**2 + 2*v + 3. What is the tens digit of y(3)?
1
Suppose 3*p + o = 204, -3*o + 27 = p - 33. What is the units digit of p?
9
Suppose -p + r - 23 = 6*r, -4 = 3*p + 2*r. What is the units digit of 3 + 3/(-6)*p?
2
What is the units digit of ((-435)/30)/(2/(-28))?
3
Let v(o) = o**2 - 4*o - 10. Suppose 4*m = 1 + 7. Let z be 4/6*21/m. What is the tens digit of v(z)?
1
Let h(y) = -10*y + 8. What is the tens digit of h(-4)?
4
Let w = 4 - 1. Suppose 2*x = -w*x + 55. What is the units digit of x?
1
Suppose -2*g + 4 = 2*p - 2, 0 = p. Let o = -3 - -5. Let q = o + g. What is the units digit of q?
5
Let j = 50 - 28. Suppose -w + j = w. What is the units digit of w?
1
Let s be (-5)/((-10)/16) - 3. Suppose 0*z + 10 = -z + 2*v, s*v = -3*z + 25. Suppose 0 = -2*t - z*t - 2*w + 46, -5*t + 5*w = -105. What is the units digit of t?
2
Suppose -4*c = -2*a - 2*c + 436, -442 = -2*a + 5*c. What is the tens digit of a/15 - 3/(-5)?
1
Let g be (-30)/(-12)*(-4)/(-5). Let x be 0/(0 + 1 + -3). Suppose -7 = -m - t + g*t, 5*m + 4*t - 62 = x. What is the tens digit of m?
1
Suppose -2*d - 136 = -4*x + 2*d, -5*d + 180 = 5*x. What is the units digit of x?
5
Let k = 3 + 9. What is the tens digit of k/(-8) + 41/2?
1
Let b(y) = -y**3 + 5*y**2 - 4*y. Let k be b(4). Suppose 2*j + 3*x = 55, 0 = 5*j + x - k*x - 131. What is the tens digit of j?
2
Suppose -2*b + 6 = b. Suppose -3*y = 2*v - 22, 2*v - 5*v + 35 = 5*y. Suppose -b*f = -v*f + 6. What is the units digit of f?
2
Let o = 12 - 6. Let x(z) = -z**2 + 9*z - 4. What is the tens digit of x(o)?
1
Let l be (0/(3 - 4))/1. Suppose -z + d + 9 = l, 2*d + 41 = 3*z + 10. What is the units digit of z?
3
Let p(k) = -6*k - 3. What is the units digit of p(-2)?
9
Let y = 35 + -63. Let f be 1/(-2) - y/(-8). Let k = -1 - f. What is the units digit of k?
3
Let d(v) = -v**2 - 10*v - 7. Let s = 6 - 5. Suppose -s = -2*m - 19. What is the units digit of d(m)?
2
Let q(j) = -16*j + 19. What is the tens digit of q(-7)?
3
Suppose -5*s + 72 + 38 = 0. What is the units digit of (0 - 2) + s/2?
9
Suppose -5*s = -3*v - 636, -4*v - 124 = -s - 5*v. What is the tens digit of s?
2
Let k be 6*3/(18/(-4)). What is the units digit of ((-2)/k)/(2/8)?
2
Let d(b) be the second derivative of -b**3/2 + 13*b**2/2 - 7*b. What is the units digit of d(-6)?
1
Let m = 899 + -584. What is the units digit of m?
5
Suppose 0 = -2*l + 4*l - 56. What is the units digit of l?
8
Let h = -55 - -121. What is the units digit of h?
6
Suppose 2*l = -5*c + 54, 0*l - 2*l = -4*c + 36. Suppose 0 = 4*h - 9*h - c, -2*v + 12 = 5*h. What is the tens digit of v?
1
Let p(t) = -t**2 + 4*t - 2. Let z be p(2). What is the units digit of 1296/32 - (-3)/z?
2
Suppose -x = 2*u - 0*u - 44, 3*u - 90 = -2*x. What is the tens digit of x?
4
Let w(v) = 4*v**2 + 5*v - 4. Let z be w(-6). Suppose 5*q + h - z = 0, -4*h = -2*q - 8*h + 44. What is the tens digit of q?
2
Let u(c) = c**2 + 4*c - 8. Let g be u(-6). What is the units digit of g/(-14) - (-232)/28?
8
What is the units digit of ((-2)/3)/((-6)/18)?
2
Suppose -2*x = 3*k - k + 6, -3*x - k = 15. What is the tens digit of (4/x)/((-2)/33)?
1
Suppose -17*x = -7*x - 2290. What is the units digit of x?
9
Let t(z) = z**2 - 3*z - 3. What is the tens digit of t(-6)?
5
Let v(q) = q**2 - q + 15. Let d be 0 + 2 + (-5 - -3). What is the units digit of v(d)?
5
What is the tens digit of ((-3)/6)/(8/(-6240))?
9
Let q(w) be the first derivative of w**4/4 + 2*w**3 - 7*w**2/2 + 2*w - 3. What is the units digit of q(-7)?
2
Suppose 2*n + 2*n - 3*i = 88, 0 = -n - i + 22. What is the units digit of n?
2
Suppose -64 = -4*v - 4*r, -r + 26 = v - 2*r. Let h = v + -13. Suppose w = -3*w - 4*x + h, 4*w - 5*x = 17. What is the units digit of w?
3
Let l = -114 + 181. What is the units digit of l?
7
What is the tens digit of (-36)/(3/((-12)/4))?
3
Suppose -2*h = -5*h. Suppose -6 + h = -2*f. Suppose -2*b + 24 = -3*u, 3*b - f*u - 41 = -u. What is the units digit of b?
5
Suppose -2*z - g = 7, -15 = 3*g - 0*g. Suppose -t = 3*t + 12. Let k = z - t. What is the units digit of k?
2
Suppose n - 4 = -1. Suppose 1 = n*p - 5. Suppose -5*r + 12 = -p*r. What is the units digit of r?
4
Let s(v) = v + 7. Let w be s(-3). Suppose 18 = u + 5*r, 0 = -u + w*r - 9. Suppose x - 8 = -u. What is the units digit of x?
5
Let d(g) = -4*g - 17. Let k = 4 - 11. What is the units digit of d(k)?
1
Let f(z) = 3*z**2 + 18*z - 5. What is the tens digit of f(-14)?
3
Let s(l) = l**3 + 7*l**2 + 5*l - 1. Let y be s(-6). Suppose 6*v = y*v + 5. Suppose 0 = i - v*i + 24. What is the units digit of i?
6
What is the tens digit of (-1677)/(-33) + (-10)/(-55)?
5
Suppose -l = -2*l. Let d be 1 + -1 - (-30 - 4). Suppose 2*p + l*p = d. What is the units digit of p?
7
What is the tens digit of (25 - (-16)/4) + -4?
2
Suppose 0 = 2*n - 31 - 5. What is the tens digit of 60/n*18/5?
1
Suppose 30 = 2*p - 40. What is the tens digit of p + -1 + 1 - -3?
3
Let b(g) = -g**2 - 11*g - 12. Let l be b(-9). Let u = -5 + 0. Let o = u + l. What is the units digit of o?
1
Suppose -3*n - 5*u - 31 = 0, -3*n + 5*u + 17 = n. Let q = 3 - n. Let k(b) = b**3 - 6*b**2 + 6*b - 3. What is the units digit of k(q)?
2
Suppose -4*r - 4*x + 24 = 0, 5*r = -3*x + 1 + 23. Suppose o - 4*v + 36 = 2*o, -o + r*v = -1. What is the tens digit of o?
1
Let x(d) = d**3 + 6*d**2 - 2*d - 9. Let i(j) = -j**2 + 8*j + 4. Let u be i(6). Suppose 3*b = h - u, 0 = 3*b + h + 4 + 16. What is the units digit of x(b)?
3
Let w be 2 - (0 - (-3)/(-3)). Suppose y + 1 = 2*j, -w*j + 0*j = -4*y - 14. Let g(x) = -5*x. What is the units digit of g(j)?
0
Let z = 110 + -71. Let g = -24 + z. What is the tens digit of g?
1
Let v(i) = i**2 + 6*i - 5. Let s be v(-6). Let z = -5 - s. What is the units digit of (-2 + z)*(-1)/1?
2
Let y be 2 + -1 + (3 - 3). What is the tens digit of 9/(y + 2/(-8))?
1
Let t = 9 + -17. Let g = t + 24. What is the units digit of g?
6
What is the tens digit of -18*-1*(0 + 2)?
3
Let d(y) = -y**3 + 4*y**2 + y - 1. Let q be d(4). Suppose -q*m + 8 = -2*f - 4, 3*m = -3*f - 3. Let v = 0 + m. What is the units digit of v?
2
Let d = -20 - -10. Let h be 1/5 + 2/d. Suppose -x + 13 = -h*x + m, -2*x = -3*m